{"id":2,"date":"2025-11-23T23:50:00","date_gmt":"2025-11-23T22:50:00","guid":{"rendered":"https:\/\/www.gobbsh.com\/BBSH\/?page_id=2"},"modified":"2026-03-12T19:18:57","modified_gmt":"2026-03-12T18:18:57","slug":"startseite","status":"publish","type":"page","link":"https:\/\/www.gobbsh.com\/BBSH\/","title":{"rendered":"STARTSEITE"},"content":{"rendered":"<p>&nbsp;<\/p>\r\n<h4 class=\"hidden animated bounceInUp\" style=\"text-align: center;\">Vorausgeschickt \u2013 ohne die Idee der genialen Komiker\/Schauspieler\/Musiker John Belushi und Dan Aykroyd w\u00fcrde es dieses Projekt nicht geben! Die perfekte Mischung aus Chaos, wunderbarer Musik und einer guten Portion Komik ist f\u00fcr viele Fans zum Leitbild geworden,\u00a0andere erinnern sich in diesem Zusammenhang an \u201ccoole\u201d Zeiten.<br \/>In diesem Sinne unser Leitspruch: \u201cthe mission continues!\u201d<\/h4>\r\n<h4 class=\"hidden animated bounceInUp full-visible\" style=\"text-align: center;\">Seit 1999 lassen THE BLUES BROTHERS 2nd HAND in variabler und unterschiedlich grosser Besetzung die Erinnerungen an einschl\u00e4gige Klassiker aus Blues, Soul und Rock\u2019n Roll auf der B\u00fchne aufleben \u2013 wobei auch Show-Elemente nicht zu kurz kommen. Die meist etwa 3-st\u00fcndigen Konzerte sind sowohl f\u00fcr unser Publikum als auch f\u00fcr uns immer wieder ein Erlebnis.<\/h4>\r\n<h4 class=\"hidden animated bounceInUp full-visible\" style=\"text-align: center;\">Und um unserem Versprechen &#8222;incredible sensation inside &#8230;..&#8220; gerecht zu werden, <br \/>wurde jetzt sogar extra ein neues Genre erfunden:<\/h4>\r\n<h4 class=\"hidden animated bounceInUp full-visible\" style=\"text-align: center;\"><em><span style=\"text-decoration: underline;\">die halbseiden begleitete Musikgeschichte<\/span> *<\/em><\/h4>\r\n<h4 class=\"hidden animated bounceInUp full-visible\" style=\"text-align: center;\"><em>Lassen Sie sich \u00fcberraschen\u00a0 \u00a0&#8211;\u00a0 \u00a0wir tun es auch\u00a0 \ud83d\ude09<\/em><\/h4>\r\n\r\n<p>&nbsp;<\/p>\r\n\r\n\r\n\r\n<p class=\"has-text-align-center\"><a href=\"https:\/\/www.gobbsh.com\/BBSH\/tour\/\"><img loading=\"lazy\" decoding=\"async\" class=\"alignnone size-full wp-image-197\" src=\"https:\/\/www.gobbsh.com\/BBSH\/wp-content\/uploads\/2025\/11\/slider_3_text2_BBSH_2026_NEU-954x330-1.png\" alt=\"\" width=\"954\" height=\"330\" srcset=\"https:\/\/www.gobbsh.com\/BBSH\/wp-content\/uploads\/2025\/11\/slider_3_text2_BBSH_2026_NEU-954x330-1.png 954w, https:\/\/www.gobbsh.com\/BBSH\/wp-content\/uploads\/2025\/11\/slider_3_text2_BBSH_2026_NEU-954x330-1-300x104.png 300w, https:\/\/www.gobbsh.com\/BBSH\/wp-content\/uploads\/2025\/11\/slider_3_text2_BBSH_2026_NEU-954x330-1-768x266.png 768w\" sizes=\"auto, (max-width: 954px) 100vw, 954px\" \/><\/a><br \/>BBSH &#8211; @2026 &#8211; nicht verpassen! nur hier &#8211; die &#8222;wahren&#8220; Geheimnisse (fast faktenbasiert)<\/p>\r\n\r\n\r\n\r\n<p class=\"has-text-align-center\"><a href=\"https:\/\/www.gobbsh.com\/BBSH\/tour\/\"><img loading=\"lazy\" decoding=\"async\" class=\"alignnone wp-image-665\" src=\"https:\/\/www.gobbsh.com\/BBSH\/wp-content\/uploads\/2026\/03\/Veranstaltungslogo-Ticketbutton-2026-Ausverkauft-Sitzplatz-1024x683.jpg\" alt=\"\" width=\"650\" height=\"433\" srcset=\"https:\/\/www.gobbsh.com\/BBSH\/wp-content\/uploads\/2026\/03\/Veranstaltungslogo-Ticketbutton-2026-Ausverkauft-Sitzplatz-1024x683.jpg 1024w, https:\/\/www.gobbsh.com\/BBSH\/wp-content\/uploads\/2026\/03\/Veranstaltungslogo-Ticketbutton-2026-Ausverkauft-Sitzplatz-300x200.jpg 300w, https:\/\/www.gobbsh.com\/BBSH\/wp-content\/uploads\/2026\/03\/Veranstaltungslogo-Ticketbutton-2026-Ausverkauft-Sitzplatz-768x512.jpg 768w, https:\/\/www.gobbsh.com\/BBSH\/wp-content\/uploads\/2026\/03\/Veranstaltungslogo-Ticketbutton-2026-Ausverkauft-Sitzplatz.jpg 1200w\" sizes=\"auto, (max-width: 650px) 100vw, 650px\" \/><\/a><br \/>BBSH &#8211; @2026 &#8211; neues Konzept! 30. Mai 2026 &#8211; die &#8222;halbseiden begleitete Musikgeschichte&#8220; *<\/p>\r\n\r\n\r\n\r\n<p class=\"has-text-align-center\"><a href=\"https:\/\/www.gobbsh.com\/BBSH\/tour\/\"><img loading=\"lazy\" decoding=\"async\" class=\"alignnone size-full wp-image-199\" src=\"https:\/\/www.gobbsh.com\/BBSH\/wp-content\/uploads\/2025\/11\/slider_5_BBSH_2026_NEU-954x330-II.png\" alt=\"\" width=\"954\" height=\"330\" srcset=\"https:\/\/www.gobbsh.com\/BBSH\/wp-content\/uploads\/2025\/11\/slider_5_BBSH_2026_NEU-954x330-II.png 954w, https:\/\/www.gobbsh.com\/BBSH\/wp-content\/uploads\/2025\/11\/slider_5_BBSH_2026_NEU-954x330-II-300x104.png 300w, https:\/\/www.gobbsh.com\/BBSH\/wp-content\/uploads\/2025\/11\/slider_5_BBSH_2026_NEU-954x330-II-768x266.png 768w\" sizes=\"auto, (max-width: 954px) 100vw, 954px\" \/><\/a><br \/>BBSH &#8211; @2026 &#8211; Jetzt erfahren wie es wirklich war! =&gt; nur diesmal die &#8222;untold Stories&#8220;<\/p>\r\n\r\n\r\n\r\n<p>&nbsp;<\/p>\r\n\r\n\r\n\r\n<p>* copyright by Michael Linska<\/p>\r\n","protected":false},"excerpt":{"rendered":"<p>&nbsp; Vorausgeschickt \u2013 ohne die Idee der genialen Komiker\/Schauspieler\/Musiker John Belushi und Dan Aykroyd w\u00fcrde es dieses Projekt nicht geben! [&hellip;]<\/p>\n","protected":false},"author":1,"featured_media":0,"parent":0,"menu_order":0,"comment_status":"closed","ping_status":"closed","template":"","meta":{"site-sidebar-layout":"default","site-content-layout":"","ast-site-content-layout":"default","site-content-style":"default","site-sidebar-style":"default","ast-global-header-display":"","ast-banner-title-visibility":"","ast-main-header-display":"","ast-hfb-above-header-display":"","ast-hfb-below-header-display":"","ast-hfb-mobile-header-display":"","site-post-title":"disabled","ast-breadcrumbs-content":"","ast-featured-img":"","footer-sml-layout":"","theme-transparent-header-meta":"default","adv-header-id-meta":"","stick-header-meta":"","header-above-stick-meta":"","header-main-stick-meta":"","header-below-stick-meta":"","astra-migrate-meta-layouts":"set","ast-page-background-enabled":"default","ast-page-background-meta":{"desktop":{"background-color":"var(--ast-global-color-5)","background-image":"","background-repeat":"repeat","background-position":"center center","background-size":"auto","background-attachment":"scroll","background-type":"","background-media":"","overlay-type":"","overlay-color":"","overlay-opacity":"","overlay-gradient":""},"tablet":{"background-color":"","background-image":"","background-repeat":"repeat","background-position":"center center","background-size":"auto","background-attachment":"scroll","background-type":"","background-media":"","overlay-type":"","overlay-color":"","overlay-opacity":"","overlay-gradient":""},"mobile":{"background-color":"","background-image":"","background-repeat":"repeat","background-position":"center center","background-size":"auto","background-attachment":"scroll","background-type":"","background-media":"","overlay-type":"","overlay-color":"","overlay-opacity":"","overlay-gradient":""}},"ast-content-background-meta":{"desktop":{"background-color":"var(--ast-global-color-4)","background-image":"","background-repeat":"repeat","background-position":"center center","background-size":"auto","background-attachment":"scroll","background-type":"","background-media":"","overlay-type":"","overlay-color":"","overlay-opacity":"","overlay-gradient":""},"tablet":{"background-color":"var(--ast-global-color-4)","background-image":"","background-repeat":"repeat","background-position":"center center","background-size":"auto","background-attachment":"scroll","background-type":"","background-media":"","overlay-type":"","overlay-color":"","overlay-opacity":"","overlay-gradient":""},"mobile":{"background-color":"var(--ast-global-color-4)","background-image":"","background-repeat":"repeat","background-position":"center center","background-size":"auto","background-attachment":"scroll","background-type":"","background-media":"","overlay-type":"","overlay-color":"","overlay-opacity":"","overlay-gradient":""}},"footnotes":""},"class_list":["post-2","page","type-page","status-publish","hentry"],"_links":{"self":[{"href":"https:\/\/www.gobbsh.com\/BBSH\/wp-json\/wp\/v2\/pages\/2","targetHints":{"allow":["GET"]}}],"collection":[{"href":"https:\/\/www.gobbsh.com\/BBSH\/wp-json\/wp\/v2\/pages"}],"about":[{"href":"https:\/\/www.gobbsh.com\/BBSH\/wp-json\/wp\/v2\/types\/page"}],"author":[{"embeddable":true,"href":"https:\/\/www.gobbsh.com\/BBSH\/wp-json\/wp\/v2\/users\/1"}],"replies":[{"embeddable":true,"href":"https:\/\/www.gobbsh.com\/BBSH\/wp-json\/wp\/v2\/comments?post=2"}],"version-history":[{"count":32,"href":"https:\/\/www.gobbsh.com\/BBSH\/wp-json\/wp\/v2\/pages\/2\/revisions"}],"predecessor-version":[{"id":670,"href":"https:\/\/www.gobbsh.com\/BBSH\/wp-json\/wp\/v2\/pages\/2\/revisions\/670"}],"wp:attachment":[{"href":"https:\/\/www.gobbsh.com\/BBSH\/wp-json\/wp\/v2\/media?parent=2"}],"curies":[{"name":"wp","href":"https:\/\/api.w.org\/{rel}","templated":true}]}}